{"id":5348,"date":"2022-05-19T09:35:21","date_gmt":"2022-05-19T09:35:21","guid":{"rendered":"https:\/\/inmoetica.com\/?page_id=5348"},"modified":"2022-05-19T10:16:08","modified_gmt":"2022-05-19T10:16:08","slug":"texto-legal","status":"publish","type":"page","link":"https:\/\/inmoetica.com\/index.php\/texto-legal\/","title":{"rendered":"Texto legal"},"content":{"rendered":"<div class=\"fusion-fullwidth fullwidth-box fusion-builder-row-1 fusion-flex-container nonhundred-percent-fullwidth non-hundred-percent-height-scrolling\" style=\"--awb-border-radius-top-left:0px;--awb-border-radius-top-right:0px;--awb-border-radius-bottom-right:0px;--awb-border-radius-bottom-left:0px;\" ><div class=\"fusion-builder-row fusion-row fusion-flex-align-items-flex-start\" style=\"max-width:1216.8px;margin-left: calc(-4% \/ 2 );margin-right: calc(-4% \/ 2 );\"><div class=\"fusion-layout-column fusion_builder_column fusion-builder-column-0 fusion_builder_column_1_1 1_1 fusion-flex-column\" style=\"--awb-bg-size:cover;--awb-width-large:100%;--awb-margin-top-large:0px;--awb-spacing-right-large:1.92%;--awb-margin-bottom-large:0px;--awb-spacing-left-large:1.92%;--awb-width-medium:100%;--awb-order-medium:0;--awb-spacing-right-medium:1.92%;--awb-spacing-left-medium:1.92%;--awb-width-small:100%;--awb-order-small:0;--awb-spacing-right-small:1.92%;--awb-spacing-left-small:1.92%;\"><div class=\"fusion-column-wrapper fusion-column-has-shadow fusion-flex-justify-content-flex-start fusion-content-layout-column\"><div class=\"fusion-text fusion-text-1\" style=\"--awb-text-transform:none;\"><h4 style=\"text-align: center;\"><strong><span style=\"vertical-align: inherit;\"><span style=\"vertical-align: inherit;\">TEXTO LEGAL<\/span><\/span><\/strong><\/h4>\n<p><span style=\"vertical-align: inherit;\"><span style=\"vertical-align: inherit;\">ENCARGO DE TRATAMIENTO DE DATOS PERSONALES<\/span><\/span><\/p>\n<p><span style=\"vertical-align: inherit;\"><span style=\"vertical-align: inherit;\">REUNIDOS<\/span><\/span><\/p>\n<p><span style=\"vertical-align: inherit;\"><span style=\"vertical-align: inherit;\">DE UNA PARTE: LUISA RIPOLL SIQUIER (en adelante EL RESPONSABLE DEL TRATAMIENTO), con CIF 43088120N y domicilio en Carrer Perez Galdos 10, 5\u00ba, B. 07006 Palma , operador en su propio nombre y representaci\u00f3n, con DNI 43088120N<\/span><\/span><\/p>\n<p><span style=\"vertical-align: inherit;\"><span style=\"vertical-align: inherit;\">Y DE OTRA PARTE (en adelante EL ENCARGADO DEL TRATAMIENTO)<\/span><\/span><\/p>\n<p><span style=\"vertical-align: inherit;\"><span style=\"vertical-align: inherit;\">Ambas partes se conforman con capacidad legal suficiente para suscribir el presente contrato que regula la cesi\u00f3n y\/o acceder a datos de car\u00e1cter personal entre los contratantes, de conformidad con el art\u00edculo 28 del Reglamento UE 2016\/679 del Parlamento Europeo y del Consejo de 27 de abril relativo a la protecci\u00f3n de las personas f\u00edsicas en lo que respeta al tratamiento de datos personales ya la libre circulaci\u00f3n de estos datos (RGPD), as\u00ed como en la Ley Org\u00e1nica 3\/2018, de 5 de diciembre, de Protecci\u00f3n de Datos Personales y Garant\u00eda de los Derechos Digitales (en adelante Ley 3\/2018 Protecci\u00f3n de Datos Personales o LOPDGDD), siendo de aplicaci\u00f3n las siguientes cl\u00e1usulas:<\/span><\/span><\/p>\n<p><span style=\"vertical-align: inherit;\"><span style=\"vertical-align: inherit;\">MANIFIESTAN<\/span><\/span><\/p>\n<p><span style=\"vertical-align: inherit;\"><span style=\"vertical-align: inherit;\">PRIMERO. <\/span><span style=\"vertical-align: inherit;\">El objeto del presente contrato es la regulaci\u00f3n de la cesi\u00f3n y tratamiento de datos de car\u00e1cter personal, entre el ENCARGADO DEL TRATAMIENTO y el cliente RESPONSABLE DEL TRATAMIENTO, de conformidad con lo establecido en el art\u00edculo 28 del RGPD. <\/span><span style=\"vertical-align: inherit;\">El RESPONSABLE DEL TRATAMIENTO es titular de varios ficheros mixtos que contienen datos de car\u00e1cter personal. <\/span><span style=\"vertical-align: inherit;\">El RESPONSABLE DEL TRATAMIENTO viene utilizando, desde la fecha de la firma del contrato, los servicios que ofrece el ENCARGADO DE TRATAMIENTO, que ser\u00e1 considerado encargado del tratamiento de los datos de car\u00e1cter personal contenidos en los ficheros del RESPONSABLE, a los que tiene acceso y que son tratados para prestar los servicios contratados.<\/span><\/span><br \/>\n<span style=\"vertical-align: inherit;\"><span style=\"vertical-align: inherit;\">Objeto del encargo del tratamiento: enable al ENCARGADO DE TRATAMIENTO para tratar, por cuenta del RESPONSABLE DEL TRATAMIENTO, los datos de car\u00e1cter personal necesarios para prestar sus servicios.<\/span><\/span><\/p>\n<p><span style=\"vertical-align: inherit;\"><span style=\"vertical-align: inherit;\">Las operaciones concretas a realizar sobre los datos personales (marcar la\/s casilla\/s que corresponden):<\/span><\/span><\/p>\n<p><span style=\"vertical-align: inherit;\"><span style=\"vertical-align: inherit;\">Recogida <\/span><\/span><br \/>\n<span style=\"vertical-align: inherit;\"><span style=\"vertical-align: inherit;\">Registro <\/span><\/span><br \/>\n<span style=\"vertical-align: inherit;\"><span style=\"vertical-align: inherit;\">Estructuraci\u00f3n <\/span><\/span><br \/>\n<span style=\"vertical-align: inherit;\"><span style=\"vertical-align: inherit;\">Modificaci\u00f3n <\/span><\/span><br \/>\n<span style=\"vertical-align: inherit;\"><span style=\"vertical-align: inherit;\">Conservaci\u00f3n <\/span><\/span><br \/>\n<span style=\"vertical-align: inherit;\"><span style=\"vertical-align: inherit;\">Extracci\u00f3n <\/span><\/span><br \/>\n<span style=\"vertical-align: inherit;\"><span style=\"vertical-align: inherit;\">Consulta <\/span><\/span><br \/>\n<span style=\"vertical-align: inherit;\"><span style=\"vertical-align: inherit;\">Comunicaci\u00f3n por transmisi\u00f3n <\/span><\/span><br \/>\n<span style=\"vertical-align: inherit;\"><span style=\"vertical-align: inherit;\">Difusi\u00f3n <\/span><\/span><br \/>\n<span style=\"vertical-align: inherit;\"><span style=\"vertical-align: inherit;\">Interconexi\u00f3n <\/span><\/span><br \/>\n<span style=\"vertical-align: inherit;\"><span style=\"vertical-align: inherit;\">Cotejo <\/span><\/span><br \/>\n<span style=\"vertical-align: inherit;\"><span style=\"vertical-align: inherit;\">Limitaci\u00f3n <\/span><\/span><br \/>\n<span style=\"vertical-align: inherit;\"><span style=\"vertical-align: inherit;\">Supresi\u00f3n <\/span><\/span><br \/>\n<span style=\"vertical-align: inherit;\"><span style=\"vertical-align: inherit;\">Destrucci\u00f3n <\/span><\/span><br \/>\n<span style=\"vertical-align: inherit;\"><span style=\"vertical-align: inherit;\">Comunicaci\u00f3n<\/span><\/span><\/p>\n<p>SEGUNDO. Para la ejecuci\u00f3n de las prestaciones derivadas del cumplimiento del Objeto de este encargo el cliente, como Responsable del Tratamiento, pone a disposici\u00f3n de la Encargado del Tratamiento, la informaci\u00f3n que se describe continuaci\u00f3n.<\/p>\n<p>TERCERO. El presente acuerdo tiene una duraci\u00f3n que se fija en el contrato de prestaci\u00f3n de servicios entre las partes. Una vez finalice el contrato de prestaci\u00f3n de servicios entre las partes, el Encargado del Tratamiento debe suprimir\/devolver al Responsable y\/o en su caso devolver a otro encargado que designe el Responsable los datos personales y suprimir cualquier copia que est\u00e9 en su poder.<\/p>\n<p>CUARTO. OBLIGACIONES DEL ENCARGADO DEL TRATAMIENTO<\/p>\n<p>El Encargado del Tratamiento y todo su personal se obliga a:<\/p>\n<p>A) Utilizar los datos personales objeto de tratamiento, o los que recoja para su inclusi\u00f3n, s\u00f3lo para la finalidad objeto de este encargo. En ning\u00fan caso podr\u00e1 utilizar los datos para fines propios. En ning\u00fan caso el Encargado del Tratamiento acceder\u00e1 o aplicar\u00e1 los datos contenidos en los ficheros para finalidades distintas de las establecidas en el presente contrato, ni los comunicar\u00e1, ya sea de forma directa o indirecta, a terceras personas no autorizadas. El Encargado del Tratamiento dispone de un Documento de Seguridad y\/o un registro de todas las categor\u00edas de actividades de tratamiento efectuadas por cuenta del responsable. Adem\u00e1s el Encargado del Tratamiento tiene implantadas medidas de seguridad del nivel correspondiente al tratamiento de los datos car\u00e1cter personal que son objeto del presente contrato.<\/p>\n<p>B) Tratar los datos de acuerdo con las instrucciones del Responsable del tratamiento. Si el Encargado del Tratamiento considera que alguna de las instrucciones infringe el RGPD o cualquier otra disposici\u00f3n en materia de protecci\u00f3n de datos de la Uni\u00f3n o de los Estados miembros, el encargado informar\u00e1 inmediatamente al responsable. El Encargado del Tratamiento se compromete a cumplir con lo establecido en el presente contrato y con lo establecido en la normativa aplicable en materia de protecci\u00f3n de datos. En el supuesto de incumplir cualquiera de sus obligaciones, el Encargado del Tratamiento tendr\u00e1 la consideraci\u00f3n de Responsable del Tratamiento, con todas las obligaciones que implica, respondiendo de las infracciones en que hubiera incurrido personalmente.<\/p>\n<p>C) Llevar, por escrito, un registro de todas las categor\u00edas de actividades de tratamiento efectuadas por cuenta del responsable.<\/p>\n<p>D) No comunicar los datos a terceras personas, salvo que cuente con la autorizaci\u00f3n expresa del Responsable del tratamiento, en los supuestos legalmente admisibles. El encargado puede comunicar los a otros encargados del tratamiento del mismo responsable, de acuerdo con las instrucciones del responsable. En este caso, el Responsable identificar\u00e1, de forma previa y por escrito, la entidad a la que se deben comunicar los datos, los datos a comunicar y las medidas de seguridad a aplicar para proceder a la comunicaci\u00f3n. Si el encargado debe transferir datos personales a un tercer pa\u00eds o una organizaci\u00f3n internacional, en virtud del Derecho de la Uni\u00f3n o de los Estados miembros que le sean aplicables, informar\u00e1 al Responsable de esa exigencia legal de manera previa, salvo que tal Derecho lo proh\u00edba por razones importantes de inter\u00e9s p\u00fablico.<\/p>\n<p>E) Mantener el deber de secreto respecto a los datos de car\u00e1cter personal a los que haya tenido acceso en virtud del presente encargo, incluso despu\u00e9s de que finalice su objeto.<\/p>\n<p>F) Garantizar que las personas autorizadas para tratar datos personales se comprometan, de forma expresa y por escrito, a respetar la confidencialidad y a cumplir las medidas de seguridad correspondientes, de las que hay que informarles convenientemente.<\/p>\n<p>G) Mantener a disposici\u00f3n del Responsable la documentaci\u00f3n acreditativa del cumplimiento de la obligaci\u00f3n establecida en el apartado anterior.<\/p>\n<p>H) Garantizar la formaci\u00f3n necesaria en materia de protecci\u00f3n de datos personales de las personas autorizadas para tratar datos personales.<\/p>\n<p>I) Asistir al Responsable del tratamiento en la respuesta al ejercicio de los derechos de:<\/p>\n<p>1. Acceso, rectificaci\u00f3n, supresi\u00f3n y oposici\u00f3n.<br \/>\n2. Limitaci\u00f3n del tratamiento.<br \/>\n3. Portabilidad de datos.<br \/>\n4. A no ser objeto de decisiones individualizadas automatizadas (incluida la elaboraci\u00f3n de perfiles).<\/p>\n<p>J) Dar apoyo al Responsable del tratamiento en la realizaci\u00f3n de las evaluaciones de impacto relativas a la protecci\u00f3n de datos, cuando proceda.<\/p>\n<p>K) Dar apoyo al Responsable del tratamiento en la realizaci\u00f3n de las consultas previas a la autoridad de control, cuando proceda.<\/p>\n<p>L) Poner a disposici\u00f3n del Responsable del tratamiento toda la informaci\u00f3n necesaria para demostrar el cumplimiento de sus obligaciones, as\u00ed como para la realizaci\u00f3n de las auditor\u00edas o las inspecciones que realicen el Responsable u otro auditor autorizado por \u00e9l.<\/p>\n<p>M) Designar un delegado de protecci\u00f3n de datos y comunicar su identidad y datos de contacto al Responsable del tratamiento.<\/p>\n<p>QUINTO. El Encargado del Tratamiento se obliga implantar las medidas de seguridad establecidas en el Documento de Seguridad o en el documento de registro de todas las categor\u00edas de actividades de tratamiento. En cualquier caso, el Encargado del Tratamiento deber\u00e1 aplicar a los datos de car\u00e1cter personal contenidos en los Ficheros las medidas de seguridad de obligatorias, en virtud de la naturaleza de la informaci\u00f3n tratada. El Responsable del tratamiento y, en su caso, el Encargado del Tratamiento, deber\u00e1n anotar las medidas de \u00edndole t\u00e9cnica y organizativa de los datos de car\u00e1cter personal para evitar su alteraci\u00f3n, perdida, tratamiento o acceso no autorizado, habida cuenta del estado de la tecnolog\u00eda, la naturaleza de los datos almacenados y los riesgos a que est\u00e1n expuestos, ya provengan de la acci\u00f3n humana o del medio f\u00edsico o natural.<br \/>\nEl Encargado del Tratamiento se podr\u00e1 someter a las auditor\u00edas del Responsable del tratamiento, para garantizar el cumplimiento de las medidas de seguridad aplicables. En todo caso deber\u00e1 implantar y acreditar mecanismos para garantizar la confidencialidad, integridad, disponibilidad y resiliencia permanentes de los sistemas y servicios de tratamiento.<\/p>\n<p>SEXTO. Devolver al encargado que designe por escrito el Responsable del tratamiento, los datos de car\u00e1cter personal y, si procede, los soportes donde consten, una vez cumplida prestaci\u00f3n.<br \/>\nLa devoluci\u00f3n debe comportar el borrado total de los datos existentes en los equipos inform\u00e1ticos utilizados por el encargado No obstante, el encargado puede conservar una copia, con los datos debidamente bloqueados, mientras puedan derivarse responsabilidades de la ejecuci\u00f3n de la prestaci\u00f3n.<\/p>\n<p>S\u00c9PTIMO. El Encargado del Tratamiento y todo su personal se obliga a: no subcontratar ninguna de las prestaciones que formen parte del objeto de este contrato que comporten el tratamiento de datos personales, salvo los servicios auxiliares necesarios para el normal funcionamiento de los servicios del encargado.<br \/>\nSi fuera necesario subcontratar alg\u00fan tratamiento, este hecho se deber\u00e1 comunicar previamente y por escrito al responsable, con una antelaci\u00f3n de 30 d\u00edas, indicando los tratamientos que se pretende subcontratar e identificando de forma clara e inequ\u00edvoca la empresa subcontratista y sus datos de contacto. La subcontrataci\u00f3n podr\u00e1 llevarse a cabo si el Responsable no manifiesta su oposici\u00f3n en el plazo establecido. El subcontratista, que tambi\u00e9n tendr\u00e1 la condici\u00f3n de Encargado del Tratamiento, est\u00e1 obligado igualmente a cumplir las obligaciones establecidas en este documento para el Encargado del Tratamiento y las instrucciones que dicte el responsable.<br \/>\nCorresponde al encargado inicial regular la nueva relaci\u00f3n de forma que el nuevo encargado quede sujeto a las mismas condiciones (instrucciones, obligaciones, medidas de seguridad&#8230;) y con los mismos requisitos formales que \u00e9l, en lo referente al adecuado tratamiento de los datos personales y a la garant\u00eda de los derechos de las personas afectadas. En el caso de incumplimiento por parte del sub encargado, el encargado inicial seguir\u00e1 siendo plenamente Responsable ante el Responsable en lo referente al cumplimiento de las obligaciones.<\/p>\n<p>OCTAVO. Cuando las personas afectadas ejerzan los derechos de acceso, rectificaci\u00f3n, supresi\u00f3n y oposici\u00f3n, limitaci\u00f3n del tratamiento, portabilidad de datos y a no ser objeto de decisiones individualizadas automatizadas, ante el Encargado del Tratamiento, \u00e9ste debe comunicarlo por correo electr\u00f3nico a la direcci\u00f3n indicada por el responsable. La comunicaci\u00f3n debe hacerse de forma inmediata y en ning\u00fan caso m\u00e1s all\u00e1 del d\u00eda laborable siguiente al de la recepci\u00f3n de la solicitud, juntamente, en su caso, con otras informaciones que puedan ser relevantes para resolver la solicitud.<\/p>\n<p>NOVENO. Notificaci\u00f3n de violaciones de la seguridad de los datos. El Encargado del Tratamiento notificar\u00e1 al Responsable del tratamiento, sin dilaci\u00f3n indebida, y en cualquier caso antes del plazo m\u00e1ximo de 24 horas, al correo electr\u00f3nico del Responsable, las violaciones de la seguridad de los datos personales a su cargo de las que tenga conocimiento, juntamente con toda la informaci\u00f3n relevante para la documentaci\u00f3n y comunicaci\u00f3n de la incidencia. No ser\u00e1 necesaria la notificaci\u00f3n cuando sea improbable que dicha violaci\u00f3n de la seguridad constituya un riesgo para los derechos y las libertades de las personas f\u00edsicas.<\/p>\n<p>Si se dispone de ella se facilitar\u00e1, como m\u00ednimo, la informaci\u00f3n siguiente:<\/p>\n<p>a) Descripci\u00f3n de la naturaleza de la violaci\u00f3n de la seguridad de los datos personales, inclusive, cuando sea posible, las categor\u00edas y el n\u00famero aproximado de interesados afectados, y las categor\u00edas y el n\u00famero aproximado de registros de datos personales afectados.<br \/>\nb) El nombre y los datos de contacto del delegado de protecci\u00f3n de datos o de otro punto de contacto en el que pueda obtenerse m\u00e1s informaci\u00f3n.<br \/>\nc) Descripci\u00f3n de las posibles consecuencias de la violaci\u00f3n de la seguridad de los datos personales.<br \/>\nd) Descripci\u00f3n de las medidas adoptadas o propuestas para poner remedio a la violaci\u00f3n de la seguridad de los datos personales, incluyendo, si procede, las medidas adoptadas para mitigar los posibles efectos negativos.<\/p>\n<p>Si no es posible facilitar la informaci\u00f3n simult\u00e1neamente, y en la medida en que no lo sea, la informaci\u00f3n se facilitar\u00e1 de manera gradual sin dilaci\u00f3n indebida. Corresponde al Responsable del Tratamiento comunicar las violaciones de seguridad de los datos a la Autoridad de Protecci\u00f3n de Datos. Corresponde al Responsable del Tratamiento comunicar en el menor tiempo posible las violaciones de seguridad de los datos a los interesados, cuando sea probable que la violaci\u00f3n suponga un alto riesgo para los derechos y libertades de las personas f\u00edsicas.<\/p>\n<p>D\u00c9CIMO. Corresponde al Responsable:<\/p>\n<p>A) Facilitar el derecho de informaci\u00f3n en el momento de la recogida de los datos.<br \/>\nB) Entregar al encargado los datos necesarios y proporcionarle acceso a los recursos necesarios de sus sistemas de informaci\u00f3n para que pueda prestar el servicio objeto del contrato.<br \/>\nC) Velar, de forma previa y durante todo el tratamiento, por el cumplimiento de la normativa aplicable en materia de protecci\u00f3n de datos personales por parte del Encargado del Tratamiento.<br \/>\nD) Supervisar el tratamiento.<\/p>\n<p>D\u00c9CIMOPRIMERO. El presente contrato tendr\u00e1 un plazo de duraci\u00f3n determinado en funci\u00f3n de los servicios que el Encargado del Tratamiento realice por cuenta del Responsable del tratamiento. De tal manera que una vez finalizados los servicios, el presente Contrato se entender\u00e1 extinguido, salvo que las Partes de mutuo acuerdo y por escrito decidan prorrogar la vigencia del mismo.<\/p>\n<p>D\u00c9CIMOSEGUNDO. El presente Contrato se regir\u00e1 e interpretara de acuerdo con las leyes de Espa\u00f1a y se someter\u00e1 a la jurisdicci\u00f3n de los Juzgados y Tribunales competentes.<\/p>\n<p>D\u00c9CIMOTERCERO. Todas las notificaciones, requerimientos, peticiones y otras comunicaciones que hayan de efectuarse entre las Partes en relaci\u00f3n con el presente Contrato, deber\u00e1n realizarse por escrito y se entender\u00e1 que han sido debidamente realizadas cuando hayan sido entregadas en mano o bien remitidas por correo certificado al domicilio de la otra Parte que conste en el encabezamiento del presente Contrato.<\/p>\n<p>D\u00c9CIMOCUARTO. Informaci\u00f3n acerca del tratamiento de los datos personales contenidos en el presente contrato.<br \/>\nLos representantes de ambas partes reconocen quedar informados y consentir en que sus datos personales se incorporen a los sistemas y sean tratados por la otra parte, con la finalidad del correcto desarrollo de los servicios objeto del presente contrato, siendo necesarios para la realizaci\u00f3n del mismo.<br \/>\nAl objeto de mantener los datos actualizados en todo momento, cada parte deber\u00e1 comunicar a la otra cualquier modificaci\u00f3n en dichos datos de car\u00e1cter personal.<br \/>\nCualesquiera interesados tiene derecho a presentar una reclamaci\u00f3n ante una autoridad de control y podr\u00e1n ejercitar sus derechos de acceso, rectificaci\u00f3n, supresi\u00f3n, limitaci\u00f3n del tratamiento y oposici\u00f3n, as\u00ed como de portabilidad, solicit\u00e1ndolo a la parte que corresponda a la direcci\u00f3n indicada al inicio del presente documento, especificando el derecho que ejerce y aportando documento oficial v\u00e1lido que le identifique.<\/p>\n<p>&#8212;&#8212;&#8212;-<\/p>\n<p>De acuerdo con lo establecido en el Reglamento (UE) 2016\/679 General de Protecci\u00f3n de Datos (RGPD), se le informa de lo siguiente:<\/p>\n<p>1.- RESPONSABLE DEL TRATAMIENTO: LUISA RIPOLL SIQUIER<br \/>\nDirecci\u00f3n: Carrer Perez Galdos 10, 5\u00ba, B. 07006 Palma<br \/>\nContacto: luisaripolls@gmail.com<br \/>\nWeb: www.inmoetica.com<\/p>\n<p>2.- FINALIDAD: gestionar los servicios solicitados, as\u00ed como remitirle informaci\u00f3n sobre nuestra actividad y productos por medios electr\u00f3nicos. ENV\u00cdOS DE COMUNICACIONES COMERCIALES: SI \u25a1 NO \u25a1 Usted puede revocar este consentimiento en cualquier momento, mediante notificaci\u00f3n escrita al Responsable.<\/p>\n<p>3.- LEGITIMACION: ejecuci\u00f3n del contrato para la correcta prestaci\u00f3n del servicio, incluyendo todos los tr\u00e1mites administrativos, fiscales y contables. Habilitaci\u00f3n legal en base al Real Decreto Legislativo 1\/2007, de 16 de noviembre, por el que se aprueba el texto refundido de la Ley General para la Defensa de los Consumidores y Usuarios. Consentimiento del usuario.<\/p>\n<p>4.- PLAZOS DE CONSERVACI\u00d3N: Sus datos personales ser\u00e1n mantenidos mientras se mantenga la vigencia del presente contrato. Al finalizar la misma, se mantendr\u00e1n durante los plazos legales previstos.<\/p>\n<p>5.- DESTINATARIOS: el Responsable.<br \/>\nNo se ceder\u00e1n sus datos a terceros, salvo obligaci\u00f3n legal.<br \/>\nAl trabajar en un sistema de carpetas compartidas en la aplicaci\u00f3n Google Drive, se realizar\u00e1 una transferencia internacional a Estados Unidos bajo la habilitaci\u00f3n del acuerdo EEUU-Uni\u00f3n Europea Privacy Shield. M\u00e1s informaci\u00f3n: https:\/\/www.privacyshield.gov\/welcome<br \/>\nOTROS DESTINATARIOS:<br \/>\nSI \u25a1 NO \u25a1 Web del Responsable del tratamiento www.inmoetica.com<br \/>\n6.- DERECHOS: usted puede ejercer los derechos de acceso, rectificaci\u00f3n, supresi\u00f3n, oposici\u00f3n, limitaci\u00f3n y portabilidad. En caso de desear ejercer cualquiera de los derechos mencionados, el Responsable le facilitar\u00e1 un formulario adecuado, que debe ser presentado en la direcci\u00f3n Carrer Perez Galdos 10, 5\u00ba, B. 07006 Palma, adjuntando su DNI o pasaporte o bien a la siguiente direcci\u00f3n de correo electr\u00f3nico luisaripolls@gmail.com Tiene derecho a presentar una reclamaci\u00f3n ante la Agencia Espa\u00f1ola de Protecci\u00f3n de Datos en el supuesto que considere que no se ha atendido convenientemente el ejercicio de sus derechos (www.aepd.es) El plazo m\u00e1ximo para resolver es el de un mes a contar desde la recepci\u00f3n de su solicitud.<br \/>\n<span style=\"vertical-align: inherit;\"><span style=\"vertical-align: inherit;\">En el caso de que se produjo alguna modificaci\u00f3n de sus datos, le agradecemos que lo comunique debidamente por escrito con la finalidad de mantener sus datos actualizados.<\/span><\/span><\/p>\n<\/div><\/div><\/div><\/div><\/div>\n","protected":false},"excerpt":{"rendered":"","protected":false},"author":1,"featured_media":0,"parent":0,"menu_order":0,"comment_status":"closed","ping_status":"closed","template":"","meta":{"footnotes":""},"class_list":["post-5348","page","type-page","status-publish","hentry"],"_links":{"self":[{"href":"https:\/\/inmoetica.com\/index.php\/wp-json\/wp\/v2\/pages\/5348","targetHints":{"allow":["GET"]}}],"collection":[{"href":"https:\/\/inmoetica.com\/index.php\/wp-json\/wp\/v2\/pages"}],"about":[{"href":"https:\/\/inmoetica.com\/index.php\/wp-json\/wp\/v2\/types\/page"}],"author":[{"embeddable":true,"href":"https:\/\/inmoetica.com\/index.php\/wp-json\/wp\/v2\/users\/1"}],"replies":[{"embeddable":true,"href":"https:\/\/inmoetica.com\/index.php\/wp-json\/wp\/v2\/comments?post=5348"}],"version-history":[{"count":5,"href":"https:\/\/inmoetica.com\/index.php\/wp-json\/wp\/v2\/pages\/5348\/revisions"}],"predecessor-version":[{"id":5350,"href":"https:\/\/inmoetica.com\/index.php\/wp-json\/wp\/v2\/pages\/5348\/revisions\/5350"}],"wp:attachment":[{"href":"https:\/\/inmoetica.com\/index.php\/wp-json\/wp\/v2\/media?parent=5348"}],"curies":[{"name":"wp","href":"https:\/\/api.w.org\/{rel}","templated":true}]}}