{"id":3827,"date":"2021-11-12T15:17:54","date_gmt":"2021-11-12T15:17:54","guid":{"rendered":"https:\/\/inmoetica.com\/?page_id=3827"},"modified":"2025-05-14T10:53:18","modified_gmt":"2025-05-14T10:53:18","slug":"sobreinmoetica","status":"publish","type":"page","link":"http:\/\/inmoetica.com\/index.php\/sobreinmoetica\/","title":{"rendered":"Sobre Inmo\u00e9tica"},"content":{"rendered":"<p><div class=\"fusion-fullwidth fullwidth-box fusion-builder-row-1 fusion-flex-container fusion-parallax-none nonhundred-percent-fullwidth non-hundred-percent-height-scrolling lazyload\" style=\"--awb-border-radius-top-left:0px;--awb-border-radius-top-right:0px;--awb-border-radius-bottom-right:0px;--awb-border-radius-bottom-left:0px;--awb-min-height:500px;--awb-background-size:cover;\" data-bg=\"http:\/\/inmoetica.com\/wp-content\/uploads\/2022\/03\/FotoLuisaAbout.jpg\" ><div class=\"fusion-builder-row fusion-row fusion-flex-align-items-center fusion-flex-align-content-center fusion-flex-justify-content-center\" style=\"max-width:1216.8px;margin-left: calc(-4% \/ 2 );margin-right: calc(-4% \/ 2 );\"><div class=\"fusion-layout-column fusion_builder_column fusion-builder-column-0 fusion_builder_column_1_1 1_1 fusion-flex-column\" style=\"--awb-bg-size:cover;--awb-width-large:100%;--awb-spacing-right-large:1.92%;--awb-spacing-left-large:1.92%;--awb-width-medium:100%;--awb-order-medium:0;--awb-spacing-right-medium:1.92%;--awb-spacing-left-medium:1.92%;--awb-width-small:100%;--awb-order-small:0;--awb-spacing-right-small:1.92%;--awb-spacing-left-small:1.92%;\"><div class=\"fusion-column-wrapper fusion-column-has-shadow fusion-flex-justify-content-flex-start fusion-content-layout-column\"><div class=\"fusion-title title fusion-title-1 fusion-title-center fusion-title-text fusion-title-size-three\" style=\"--awb-text-color:var(--awb-color1);--awb-margin-bottom:20px;--awb-font-size:30px;\"><div class=\"title-sep-container title-sep-container-left\"><div class=\"title-sep sep- sep-solid\" style=\"border-color:var(--awb-color3);\"><\/div><\/div><span class=\"awb-title-spacer\"><\/span><h3 class=\"title-heading-center fusion-responsive-typography-calculated\" style=\"font-family:&quot;Open Sans&quot;;font-style:normal;font-weight:400;margin:0;font-size:1em;text-transform:capitalize;--fontSize:30;line-height:var(--awb-typography1-line-height);\"><p style=\"text-align: center;\">SERVICIO INMOBILIARIO<br \/>\nBASADO EN LAS RELACIONES HUMANAS<\/p><\/h3><span class=\"awb-title-spacer\"><\/span><div class=\"title-sep-container title-sep-container-right\"><div class=\"title-sep sep- sep-solid\" style=\"border-color:var(--awb-color3);\"><\/div><\/div><\/div><div class=\"fusion-text fusion-text-1 fusion-text-no-margin\" style=\"--awb-content-alignment:center;--awb-font-size:22px;--awb-text-transform:none;--awb-text-color:var(--awb-color1);--awb-margin-bottom:40px;\"><p>\u00bfBuscas un trato cercano?<\/p>\n<\/div><div style=\"text-align:center;\"><a class=\"fusion-button button-flat fusion-button-default-size button-default fusion-button-default button-1 fusion-button-default-span fusion-button-default-type\" target=\"_self\" href=\"https:\/\/inmoetica.com\/index.php\/contacto\/\"><span class=\"fusion-button-text\">\u00bfCONTACTAMOS?<\/span><\/a><\/div><\/div><\/div><\/div><\/div><div class=\"fusion-fullwidth fullwidth-box fusion-builder-row-2 fusion-flex-container nonhundred-percent-fullwidth non-hundred-percent-height-scrolling\" style=\"--awb-border-radius-top-left:0px;--awb-border-radius-top-right:0px;--awb-border-radius-bottom-right:0px;--awb-border-radius-bottom-left:0px;--awb-padding-top:70px;\" ><div class=\"fusion-builder-row fusion-row fusion-flex-align-items-flex-start fusion-flex-justify-content-center\" style=\"max-width:1216.8px;margin-left: calc(-4% \/ 2 );margin-right: calc(-4% \/ 2 );\"><div class=\"fusion-layout-column fusion_builder_column fusion-builder-column-1 fusion_builder_column_2_3 2_3 fusion-flex-column fusion-flex-align-self-center\" style=\"--awb-bg-size:cover;--awb-width-large:66.666666666667%;--awb-spacing-right-large:2.88%;--awb-spacing-left-large:2.88%;--awb-width-medium:100%;--awb-order-medium:0;--awb-spacing-right-medium:1.92%;--awb-spacing-left-medium:1.92%;--awb-width-small:100%;--awb-order-small:0;--awb-spacing-right-small:1.92%;--awb-spacing-left-small:1.92%;\"><div class=\"fusion-column-wrapper fusion-column-has-shadow fusion-flex-justify-content-flex-start fusion-content-layout-column\"><div class=\"fusion-text fusion-text-2\" style=\"--awb-content-alignment:justify;--awb-text-transform:none;\"><h3 class=\"gmail-p1\" style=\"text-align: justify;\"><span class=\"gmail-s1\">NUESTRA FILOSOF\u00cdA<\/span><\/h3>\n<p class=\"p1\">Protegemos los hogares y el patrimonio de personas que necesitan\u00a0un servicio de <b>gesti\u00f3n inmobiliaria integral en Mallorca <\/b>y que, adem\u00e1s, buscan un trato cercano familiar y personalizado.<\/p>\n<p class=\"p1\">La <b>\u00e9tica <\/b>es nuestro valor principal. Por eso, nuestra gesti\u00f3n se basa en la<span class=\"s1\"><b> honestidad<\/b>,\u00a0 la<b> transparencia <\/b>y el<b> respeto<\/b>\u00a0a la confianza que nuestros clientes depositan en Inmo\u00e9tica.<\/span><\/p>\n<p class=\"p1\">INICIOS: Mi nombre es <b>Luisa Ripoll<\/b>, fundadora de Inmo\u00e9tica que opera en el \u00e1mbito de la isla de <b>Mallorca<\/b>.\u00a0 Puedes consultar mi perfil completo en la plataforma <a style=\"color: #006071;\" href=\"https:\/\/www.linkedin.com\/in\/luisa-ripoll-siquier-851b6134\/?originalSubdomain=es\"><strong>Linkedin<\/strong><\/a>.<\/p>\n<p class=\"p1\">Mi extensa trayectoria laboral me ha proporcionado amplia y profunda experiencia en el <b>Sector Inmobiliario. <\/b>Desde hace un tiempo me dedico a la\u00a0 gesti\u00f3n inmobiliaria integral.<\/p>\n<p class=\"p1\">La vivienda es la inversi\u00f3n m\u00e1s valiosa e importante que solemos hacer en nuestra vida. La convertimos en patrimonio y, lo m\u00e1s importante, es donde nos sentimos protegidos. Es nuestro HOGAR, y en \u00e9l viviremos nuestras experiencias m\u00e1s \u00edntimas.<\/p>\n<h3 class=\"gmail-p1\" style=\"text-align: justify;\"><span class=\"gmail-s1\">NUESTRA FORMA DE TRABAJAR<\/span><\/h3>\n<p class=\"\" data-start=\"353\" data-end=\"683\">Nos gusta trabajar cada <strong>venta<\/strong> de forma exclusiva, para poder dedicarle el tiempo y la atenci\u00f3n que realmente merece. As\u00ed logramos mejores resultados y evitamos que la propiedad pase desapercibida en el mercado. Adem\u00e1s, elaboramos un presupuesto claro con un precio fijo desde el inicio, garantizando transparencia y sin sorpresas.<\/p>\n<p class=\"\" data-start=\"685\" data-end=\"843\">En el caso del <strong>alquiler<\/strong>, lo abordamos desde la confianza, buscando crear una relaci\u00f3n s\u00f3lida y positiva entre propietario e inquilino desde el primer momento.<\/p>\n<p class=\"\" data-start=\"845\" data-end=\"990\">Estamos en constante formaci\u00f3n en<strong> materia fiscal y legal<\/strong> para anticiparnos a posibles imprevistos en las operaciones y movimientos patrimoniales.<\/p>\n<p class=\"\" data-start=\"992\" data-end=\"1124\">Contamos con conocimientos en <strong>decoraci\u00f3n, Feng Shui y Home Staging<\/strong>, lo que nos permite presentar cada propiedad en su mejor versi\u00f3n<\/p>\n<\/div><\/div><\/div><\/div><\/div><div class=\"fusion-fullwidth fullwidth-box fusion-builder-row-3 fusion-flex-container nonhundred-percent-fullwidth non-hundred-percent-height-scrolling\" style=\"--awb-border-radius-top-left:0px;--awb-border-radius-top-right:0px;--awb-border-radius-bottom-right:0px;--awb-border-radius-bottom-left:0px;\" ><div class=\"fusion-builder-row fusion-row fusion-flex-align-items-flex-start\" style=\"max-width:1216.8px;margin-left: calc(-4% \/ 2 );margin-right: calc(-4% \/ 2 );\"><div class=\"fusion-layout-column fusion_builder_column fusion-builder-column-2 fusion_builder_column_1_1 1_1 fusion-flex-column\" style=\"--awb-bg-size:cover;--awb-width-large:100%;--awb-spacing-right-large:1.92%;--awb-spacing-left-large:1.92%;--awb-width-medium:100%;--awb-order-medium:0;--awb-spacing-right-medium:1.92%;--awb-spacing-left-medium:1.92%;--awb-width-small:100%;--awb-order-small:0;--awb-spacing-right-small:1.92%;--awb-spacing-left-small:1.92%;\"><div class=\"fusion-column-wrapper fusion-column-has-shadow fusion-flex-justify-content-flex-start fusion-content-layout-column\"><div class=\"fusion-text fusion-text-3\" style=\"--awb-text-transform:none;\"><h4 style=\"text-align: center;\"><strong>NUESTRAS VIVIENDAS<\/strong><\/h4>\n<\/div><div class=\"fusion-recent-works fusion-portfolio-element fusion-portfolio fusion-portfolio-1 fusion-portfolio-carousel fusion-portfolio-paging-pagination recent-works-carousel portfolio-carousel picture-size-auto fusion-portfolio-rollover\" data-id=\"-rw-1\"><div class=\"awb-carousel awb-swiper awb-swiper-carousel\" data-autoplay=\"no\" data-columns=\"3\" data-itemmargin=\"20\" data-itemwidth=\"180\" data-touchscroll=\"no\" data-imagesize=\"auto\"><div class=\"swiper-wrapper\"><div class=\"swiper-slide\"><div class=\"fusion-carousel-item-wrapper\"><span class=\"entry-title rich-snippet-hidden\">Casa Jos\u00e9<\/span><span class=\"vcard rich-snippet-hidden\"><span class=\"fn\"><a href=\"http:\/\/inmoetica.com\/index.php\/author\/admin9359\/\" title=\"Entradas de admin9359\" rel=\"author\">admin9359<\/a><\/span><\/span><span class=\"updated rich-snippet-hidden\">2022-05-19T10:59:42+00:00<\/span><div  class=\"fusion-image-wrapper\" aria-haspopup=\"true\">\n\t\t\t\t<img fetchpriority=\"high\" decoding=\"async\" width=\"2560\" height=\"1709\" src=\"http:\/\/inmoetica.com\/wp-content\/uploads\/2022\/05\/CasaJose1-scaled.jpg\" class=\"attachment-full size-full lazyload wp-post-image\" alt=\"\" srcset=\"data:image\/svg+xml,%3Csvg%20xmlns%3D%27http%3A%2F%2Fwww.w3.org%2F2000%2Fsvg%27%20width%3D%272560%27%20height%3D%271709%27%20viewBox%3D%270%200%202560%201709%27%3E%3Crect%20width%3D%272560%27%20height%3D%271709%27%20fill-opacity%3D%220%22%2F%3E%3C%2Fsvg%3E\" data-orig-src=\"http:\/\/inmoetica.com\/wp-content\/uploads\/2022\/05\/CasaJose1-scaled.jpg\" data-srcset=\"http:\/\/inmoetica.com\/wp-content\/uploads\/2022\/05\/CasaJose1-200x134.jpg 200w, http:\/\/inmoetica.com\/wp-content\/uploads\/2022\/05\/CasaJose1-400x267.jpg 400w, http:\/\/inmoetica.com\/wp-content\/uploads\/2022\/05\/CasaJose1-600x401.jpg 600w, http:\/\/inmoetica.com\/wp-content\/uploads\/2022\/05\/CasaJose1-800x534.jpg 800w, http:\/\/inmoetica.com\/wp-content\/uploads\/2022\/05\/CasaJose1-1200x801.jpg 1200w, http:\/\/inmoetica.com\/wp-content\/uploads\/2022\/05\/CasaJose1-scaled.jpg 2560w\" data-sizes=\"auto\" \/><div class=\"fusion-rollover\">\n\t<div class=\"fusion-rollover-content\">\n\n\t\t\t\t\t\t\t\t\t\t\t\t\t\t<a class=\"fusion-rollover-link\" href=\"http:\/\/inmoetica.com\/index.php\/portfolio-items\/casajose\/\">Casa Jos\u00e9<\/a>\n\t\t\t\n\t\t\t\t\t\t\t\t\t\t\t\t\t\t\n\t\t\t\t\t\t\t\t\n\t\t\t\t\t\t\t\t\t\t\t\t\t<div class=\"fusion-rollover-sep\"><\/div>\n\t\t\t\t\n\t\t\t\t\t\t\t\t\t\t\t\t\t\t\t\t\t\t<a class=\"fusion-rollover-gallery\" href=\"http:\/\/inmoetica.com\/wp-content\/uploads\/2022\/05\/CasaJose1-scaled.jpg\" data-id=\"5397\" data-rel=\"iLightbox[gallery-rw-1]\" data-title=\"CasaJose1\" data-caption=\"\">\n\t\t\t\t\t\tGaler\u00eda\t\t\t\t\t<\/a>\n\t\t\t\t\t\t\t\t\t\t\t\t\t\t\n\t\t\n\t\t\t\t\t\t\t\t\t\t\t\t<h4 class=\"fusion-rollover-title\">\n\t\t\t\t\t<a class=\"fusion-rollover-title-link\" href=\"http:\/\/inmoetica.com\/index.php\/portfolio-items\/casajose\/\">\n\t\t\t\t\t\tCasa Jos\u00e9\t\t\t\t\t<\/a>\n\t\t\t\t<\/h4>\n\t\t\t\n\t\t\t\t\t\t\t\t\t\t\t\t\t\t\t\n\t\t\n\t\t\t\t\t\t<a class=\"fusion-link-wrapper\" href=\"http:\/\/inmoetica.com\/index.php\/portfolio-items\/casajose\/\" aria-label=\"Casa Jos\u00e9\"><\/a>\n\t<\/div>\n<\/div>\n<\/div>\n<\/div><\/div><div class=\"swiper-slide\"><div class=\"fusion-carousel-item-wrapper\"><span class=\"entry-title rich-snippet-hidden\">Casa en la Bonanova con jard\u00edn<\/span><span class=\"vcard rich-snippet-hidden\"><span class=\"fn\"><a href=\"http:\/\/inmoetica.com\/index.php\/author\/admin9359\/\" title=\"Entradas de admin9359\" rel=\"author\">admin9359<\/a><\/span><\/span><span class=\"updated rich-snippet-hidden\">2025-05-14T11:03:56+00:00<\/span><div  class=\"fusion-image-wrapper\" aria-haspopup=\"true\">\n\t\t\t\t<img decoding=\"async\" width=\"2560\" height=\"1709\" src=\"http:\/\/inmoetica.com\/wp-content\/uploads\/2022\/05\/Bonanova1-scaled.jpg\" class=\"attachment-full size-full lazyload wp-post-image\" alt=\"\" srcset=\"data:image\/svg+xml,%3Csvg%20xmlns%3D%27http%3A%2F%2Fwww.w3.org%2F2000%2Fsvg%27%20width%3D%272560%27%20height%3D%271709%27%20viewBox%3D%270%200%202560%201709%27%3E%3Crect%20width%3D%272560%27%20height%3D%271709%27%20fill-opacity%3D%220%22%2F%3E%3C%2Fsvg%3E\" data-orig-src=\"http:\/\/inmoetica.com\/wp-content\/uploads\/2022\/05\/Bonanova1-scaled.jpg\" data-srcset=\"http:\/\/inmoetica.com\/wp-content\/uploads\/2022\/05\/Bonanova1-200x134.jpg 200w, http:\/\/inmoetica.com\/wp-content\/uploads\/2022\/05\/Bonanova1-400x267.jpg 400w, http:\/\/inmoetica.com\/wp-content\/uploads\/2022\/05\/Bonanova1-600x401.jpg 600w, http:\/\/inmoetica.com\/wp-content\/uploads\/2022\/05\/Bonanova1-800x534.jpg 800w, http:\/\/inmoetica.com\/wp-content\/uploads\/2022\/05\/Bonanova1-1200x801.jpg 1200w, http:\/\/inmoetica.com\/wp-content\/uploads\/2022\/05\/Bonanova1-scaled.jpg 2560w\" data-sizes=\"auto\" \/><div class=\"fusion-rollover\">\n\t<div class=\"fusion-rollover-content\">\n\n\t\t\t\t\t\t\t\t\t\t\t\t\t\t<a class=\"fusion-rollover-link\" href=\"http:\/\/inmoetica.com\/index.php\/portfolio-items\/bonanovajardin\/\">Casa en la Bonanova con jard\u00edn<\/a>\n\t\t\t\n\t\t\t\t\t\t\t\t\t\t\t\t\t\t\n\t\t\t\t\t\t\t\t\n\t\t\t\t\t\t\t\t\t\t\t\t\t<div class=\"fusion-rollover-sep\"><\/div>\n\t\t\t\t\n\t\t\t\t\t\t\t\t\t\t\t\t\t\t\t\t\t\t<a class=\"fusion-rollover-gallery\" href=\"http:\/\/inmoetica.com\/wp-content\/uploads\/2022\/05\/Bonanova1-scaled.jpg\" data-id=\"5386\" data-rel=\"iLightbox[gallery-rw-1]\" data-title=\"Bonanova1\" data-caption=\"\">\n\t\t\t\t\t\tGaler\u00eda\t\t\t\t\t<\/a>\n\t\t\t\t\t\t\t\t\t\t\t\t\t\t\n\t\t\n\t\t\t\t\t\t\t\t\t\t\t\t<h4 class=\"fusion-rollover-title\">\n\t\t\t\t\t<a class=\"fusion-rollover-title-link\" href=\"http:\/\/inmoetica.com\/index.php\/portfolio-items\/bonanovajardin\/\">\n\t\t\t\t\t\tCasa en la Bonanova con jard\u00edn\t\t\t\t\t<\/a>\n\t\t\t\t<\/h4>\n\t\t\t\n\t\t\t\t\t\t\t\t\t\t\t\t\t\t\t\n\t\t\n\t\t\t\t\t\t<a class=\"fusion-link-wrapper\" href=\"http:\/\/inmoetica.com\/index.php\/portfolio-items\/bonanovajardin\/\" aria-label=\"Casa en la Bonanova con jard\u00edn\"><\/a>\n\t<\/div>\n<\/div>\n<\/div>\n<\/div><\/div><\/div><div class=\"awb-swiper-button awb-swiper-button-prev\"><i class=\"awb-icon-angle-left\" aria-hidden=\"true\"><\/i><\/div><div class=\"awb-swiper-button awb-swiper-button-next\"><i class=\"awb-icon-angle-right\" aria-hidden=\"true\"><\/i><\/div><\/div><\/div><\/div><\/div><\/div><\/div><\/p>\n","protected":false},"excerpt":{"rendered":"","protected":false},"author":1,"featured_media":0,"parent":0,"menu_order":0,"comment_status":"closed","ping_status":"closed","template":"100-width.php","meta":{"footnotes":""},"class_list":["post-3827","page","type-page","status-publish","hentry"],"_links":{"self":[{"href":"http:\/\/inmoetica.com\/index.php\/wp-json\/wp\/v2\/pages\/3827","targetHints":{"allow":["GET"]}}],"collection":[{"href":"http:\/\/inmoetica.com\/index.php\/wp-json\/wp\/v2\/pages"}],"about":[{"href":"http:\/\/inmoetica.com\/index.php\/wp-json\/wp\/v2\/types\/page"}],"author":[{"embeddable":true,"href":"http:\/\/inmoetica.com\/index.php\/wp-json\/wp\/v2\/users\/1"}],"replies":[{"embeddable":true,"href":"http:\/\/inmoetica.com\/index.php\/wp-json\/wp\/v2\/comments?post=3827"}],"version-history":[{"count":52,"href":"http:\/\/inmoetica.com\/index.php\/wp-json\/wp\/v2\/pages\/3827\/revisions"}],"predecessor-version":[{"id":5904,"href":"http:\/\/inmoetica.com\/index.php\/wp-json\/wp\/v2\/pages\/3827\/revisions\/5904"}],"wp:attachment":[{"href":"http:\/\/inmoetica.com\/index.php\/wp-json\/wp\/v2\/media?parent=3827"}],"curies":[{"name":"wp","href":"https:\/\/api.w.org\/{rel}","templated":true}]}}